 = 2*c - 532, -h*g - 1366 = -5*c. What is the highest common factor of 30 and c?
30
Let m = 315 - 225. What is the highest common factor of m and 60?
30
Let b = 2687 - 2675. What is the greatest common divisor of 1812 and b?
12
Suppose 0 = 10*l - 59 - 681. Suppose 2*v - 30 = -2*k - 0*k, -4*k = 5*v - l. What is the greatest common factor of v and 2?
2
Let l(b) = b**2 - 2*b. Let i be l(3). Let z be i/(3/(-1))*-3. Suppose g + 10 = z*g. What is the greatest common factor of g and 35?
5
Suppose 0 = -38*u + 27*u + 154. Calculate the highest common factor of 21 and u.
7
Let g(m) = -141*m - 57. Let h be g(-2). Calculate the highest common factor of h and 90.
45
Let l be ((-1715)/14)/(3/(-39 + 3)). Calculate the greatest common divisor of l and 10.
10
Suppose n = 28 + 71. Suppose -8*z = 44*z - 468. Calculate the greatest common divisor of z and n.
9
Suppose -23*j = -353 - 199. Calculate the highest common divisor of 84 and j.
12
Suppose 0 = -2*s + 6*s - 2*s. Let q be 144*(3 + 15/(-6) - s). Calculate the highest common factor of 8 and q.
8
Let i = 3 + -3. Suppose -5*p - 2*t + 8 = i, -2*t + 20 = -3*p + 3*t. Suppose -m + 4 = 0, p = -3*n - 5*m + 26 + 15. What is the highest common factor of 14 and n?
7
Let v = -363 - -503. What is the greatest common factor of 105 and v?
35
Let j = -126 + 139. What is the greatest common factor of j and 169?
13
Let k = -14 + 20. Suppose 2*j + 2*f - 4 = 0, 4*f = -5*j + 12 - 3. Suppose -j = -k*n + 35. Calculate the highest common factor of 24 and n.
6
Suppose 105*n - 99*n - 480 = 0. What is the highest common factor of 512 and n?
16
Let b be 54/72 - 2/(-8). Let c be 2 - (-2 - 17)/(-1). Let q = c + 18. Calculate the greatest common factor of b and q.
1
Let n(h) = -h**3 - 26*h**2 + 26*h + 90. Let o be n(-27). Calculate the greatest common divisor of 81 and o.
9
Let q be 2 + (2/2 - 0). Suppose 0 = 5*u + 5*v - 75, 3*u = q*v + 2*v + 5. Suppose -11 = -2*m - 4*r + 3, -8 = 2*r. What is the highest common divisor of u and m?
5
Suppose 2*r = 4*n + 16 + 10, 0 = 5*r - 3*n - 44. Let d = r - 7. Suppose -4*t - t + 90 = d. Calculate the greatest common factor of t and 6.
6
Suppose -21*m + 1272 = 12. Calculate the greatest common factor of m and 960.
60
Let i(q) = -4*q - 18. Let w be i(-9). What is the greatest common divisor of w and 288?
18
Suppose -5*g + u + 48 = 0, 5 = 4*g + 4*u - 19. Suppose -h - 129 = -4*f - 36, 3*h = g. What is the highest common factor of f and 12?
12
Let g(s) = s**2 + 8*s - 12. Let i be g(-9). Let x be 1*(15 + 2) - i. Suppose 5*d + 2*m + m = 85, 2*d - x = -4*m. What is the highest common factor of 4 and d?
4
Let z = -33 - -79. Suppose 0 = 6*l - 3260 - 340. Suppose 0*t + 5*t = -3*w + 560, 5*t = 5*w + l. What is the greatest common divisor of z and t?
23
Let y be -1*9/(-6)*-4. Let n = 6 + y. Let q be 7/(3 - (2 - n)). What is the greatest common factor of q and 7?
7
Let p = -195 - -55. Let y be (44/(-110))/(1/p). Calculate the highest common divisor of y and 16.
8
Let v = -47 - -78. Let q(o) be the second derivative of 217*o**4/12 - o**3/6 + o**2/2 - 7*o. Let j be q(1). What is the highest common factor of j and v?
31
Let i be -3*(0 + 34/(-6)). Let c = 1049 - 998. What is the greatest common factor of c and i?
17
Let d(o) = -o**3 + 23*o**2 - 20*o + 66. Let h be d(21). What is the highest common factor of 48 and h?
48
Let q = 360 + -140. Let j = q + -153. Let m = j + -27. What is the highest common factor of m and 8?
8
Let g = -18 + 23. Suppose g = 3*z + 2*z. Calculate the greatest common divisor of 4 and z.
1
Suppose -4*n - i - 151 = 2*i, i = 3*n + 110. Let k = 118 + n. What is the greatest common divisor of 9 and k?
9
Suppose 0 = -3*j - 10 + 22. Suppose j*b = 3*k - 61, 0 = 5*k + 2*b + 3*b - 55. What is the greatest common factor of 165 and k?
15
Let v(f) = -14*f + 12. Let p be v(0). Let a be (-3 - (2 - 4)) + p. What is the greatest common divisor of 33 and a?
11
Let q = 26 - -49. Suppose -37*r + 35*r + 92 = 0. Suppose 79 + r = 5*s. Calculate the highest common divisor of q and s.
25
Suppose 4*j + 5*p + 115 = 9*j, -5*p + 47 = 4*j. What is the highest common divisor of j and 144?
18
Let s = -7 - -14. Suppose -3*b - 3*o = -12, b - 3*o = -2*o + 4. Suppose -g + 69 = -i + 13, -3*g + b*i + 168 = 0. Calculate the highest common factor of g and s.
7
Suppose 3*k - 213 = 3*v, -4*k - 4*v = -240 - 60. What is the highest common divisor of k and 292?
73
Let v(l) = l**3 - 3*l**2 + 36*l - 196. Let y be v(7). What is the highest common factor of 476 and y?
28
Let s be -2 + 1 + -2 + 12. Let q(t) = -5*t - 7. Let c be q(-5). What is the highest common factor of s and c?
9
Let u = 8 + -4. Suppose -3*b = -2*h - u*b + 79, 0 = -5*b + 5. What is the highest common divisor of 195 and h?
39
Let g(a) be the third derivative of 79*a**4/24 - a**3/3 - 6*a**2. Let f be g(1). What is the highest common factor of 11 and f?
11
Suppose -6*l - 12 = -9*l. Suppose 4*p = 2*z + l, 0 = -0*p + p + 3*z - 8. Suppose p*o - 68 = -24. Calculate the greatest common factor of o and 242.
22
Let t be 8 - 61*(1 - 24/8). Calculate the greatest common factor of t and 468.
26
Let o = 679 + -451. Let h be o/285 + -1*(-1)/5. Calculate the greatest common divisor of 7 and h.
1
Suppose 8*m - 22 = 10. Suppose -2*x - 3*x + m*v = -170, 3*v = -5*x + 170. What is the highest common factor of 51 and x?
17
Let i = 31 + -24. Suppose 0 = -i*c + 128 + 362. Calculate the highest common divisor of 10 and c.
10
Suppose -a + 34 = -7*p, 4*p - 5 = -1. What is the greatest common divisor of a and 943?
41
Suppose -l + 2*r + r + 43 = 0, 4*r - 234 = -5*l. Calculate the highest common divisor of l and 92.
46
Let m = 526 - 522. What is the highest common factor of m and 7?
1
Let j = -360 + 488. Calculate the greatest common factor of 224 and j.
32
Let n = 160 + -110. Let l be (40/n)/((-2)/(-40)). Calculate the greatest common factor of l and 160.
16
Let m(f) = f**3 + 8*f**2 - 6*f + 18. Let v be m(-9). Let q be 34 - 6 - -3*6/v. Calculate the highest common factor of q and 208.
26
Let d be 5/(-6) + 47656/48. Calculate the highest common divisor of 31 and d.
31
Let v be (-2)/6 - 1374/(-18). Suppose 0 = 3*s - 479 - v. Suppose 3*y - 25 = s. Calculate the greatest common factor of 10 and y.
10
Let h be ((-2)/(-6))/((-1)/(-9)). Let w = -44 - -28. Let j = 19 + w. What is the greatest common divisor of h and j?
3
Suppose 13*i - 208 - 507 = 0. What is the highest common factor of i and 715?
55
Suppose 0 = -4*d + 153 + 23. Let j = 124 - d. Calculate the highest common divisor of 5 and j.
5
Let y(c) = -c - 3. Let h be y(-7). Suppose -2*x + 0*x + 241 = -d, -h*d - 124 = -x. What is the highest common factor of 48 and x?
24
Let b = -9 - -24. Let s be (-9)/45 - (-1)/5. Let c = s - -6. Calculate the highest common divisor of c and b.
3
Let z = 370 - 318. What is the highest common divisor of 325 and z?
13
Let t = 163 + -133. Calculate the highest common divisor of t and 345.
15
Suppose -7*v - 4 = -11*v, 2712 = 3*p + 3*v. What is the highest common divisor of p and 84?
21
Let u = 953 - 930. What is the highest common factor of 1 and u?
1
Let z(a) = 11*a**3 - 2*a**2 + 1. Let x be z(1). Suppose 308 = 4*p - 4*w + 32, 0 = -5*w + 5. What is the greatest common divisor of x and p?
10
Let w(m) = -9*m + 6. Let l = -16 + 10. Let q be w(l). What is the highest common factor of 24 and q?
12
Let v(f) = -f**2 - 16*f - 13. Let x = -12 + 7. Let q be v(x). Calculate the greatest common divisor of q and 21.
21
Let a be 5 + -1 + 4/1. Suppose -3*n + a*n = 275. Calculate the highest common divisor of n and 385.
55
Let s be (-2709)/(-43)*72/21. Calculate the highest common divisor of 168 and s.
24
Suppose -g = 4*s - 5*s - 9, g - 3*s - 9 = 0. Suppose 2*n - 93 = 3*z, n - 2*z - 48 = z. Calculate the greatest common factor of g and n.
9
Let g be (-2806)/(-13) + 6/39. Suppose -810 = 4*u + u. Let f be ((-10)/(-30))/((-2)/u). What is the greatest common factor of f and g?
27
Let n(p) = -22*p - 1746. Let b be n(-80). Suppose 0*u + 3*u - 42 = 0. Calculate the highest common factor of b and u.
14
Let g(j) = j**2 + 18*j + 27. Let k be g(-17). Let o be -3 + k/2 + (0 - -52). Calculate the greatest common divisor of 6 and o.
6
Let n be 1385/25 + 2/(-5). Suppose -24 = -2*y - 2*z, -4*y + 4*z - 37 = -7*y. What is the greatest common divisor of y an